e value of (19 - (20 + -10 - -7)) + 13?
15
Evaluate -66 + (66 - 81 - (3 + -37)).
-47
What is -423 - (255 + -658) - (-1 - -15 - 0)?
-34
Evaluate 68 - (-2 - (-1 - -25 - (-105 + 114))).
85
Evaluate 31 + 47 - 38 - 61.
-21
What is the value of 54 - (-14 - (-40 - -114))?
142
Calculate (80 + -70 - (-3 - -9) - 47) + 17.
-26
What is the value of -433 - -447 - (52 - -7)?
-45
-26 - (-11 - 85) - (-13 - (-1 + -3) - 4)
83
What is (-17 + 19 - (15 + (0 - -1))) + (39 - 5)?
20
(-6 - -33) + -16 + (-6 - (-13 + 142))
-124
Calculate -145 - (13 - 2 - (23 + 7)).
-126
17 + -21 + (41 - -4) + -77
-36
What is (-1 - (-18 + 22)) + (-3 + 13 - -1) - 81?
-75
What is the value of 7 + 39 + (-13 - (13 + -16))?
36
What is the value of -154 + 150 + 0 + -19 - (-7 - 0)?
-16
Evaluate (-94 - -115) + 54 + 9 - 21.
63
Evaluate 4 - (-1 - (-5 - -1) - (11 - 19) - -15).
-22
-75 + 4 + (11 - (36 - 6) - -31)
-59
Evaluate 3 + (4 + -27 - -30) - (2 + 1).
7
Evaluate 44 + -36 - ((-7 - -6) + -3 - (-14 + -2)).
-4
-16 - (-7 + 6 + 8 + 6)
-29
What is the value of -113 + (-38 - -99) - -44?
-8
Evaluate -112 - (-55 + -2) - -101.
46
What is 29 - (18 + -28 + 2) - (-4 - -3)?
38
(-11 - (11 + -39)) + 14
31
(-51 - ((-22 - 10) + 27)) + -1
-47
What is 54 + -53 + 64 + -84?
-19
Calculate -39 + 37 + (11 - -39).
48
What is the value of (-35 - -81) + 32 + -63?
15
121 + 7 - (-36 + 139)
25
What is the value of (-1 - -7) + (3 - 4 - 2) + (454 - 499)?
-42
What is the value of -23 - (-457 - -416 - (-18 - -1))?
1
Calculate (14 - (-3 - (4 + 5) - -10)) + -31 + -2.
-17
Evaluate (3 + -24 - (-10 + 2 - -7)) + 20.
0
Calculate 16 - (-29 - -86 - (49 - 31)).
-23
What is the value of (-237 - -209) + 7 + 103?
82
Calculate (1 - 3) + (518 - 529 - (2 + 12 + 2)).
-29
Evaluate -39 + -35 + 129 + -67.
-12
What is -30 + 8 + 40 - (-6 - -43)?
-19
-45 + (-46 - -21 - -31)
-39
(2 - -9 - (14 - 106 - -13)) + 9 + -23
76
What is 15 + (1 - -17 - ((23 - 25) + 15))?
20
Calculate -1 + 153 + (-8593 - -8557).
116
What is -5 - ((-12 - -27) + -22 - -8) - -107?
101
Evaluate -59 - (-3 - -10 - (1 + -4 + 3) - 9).
-57
What is 1 + 79 - (1480 + -1434)?
34
Calculate -9 - (57 - (2 - 1)) - (-24 - -40).
-81
What is -204 + (121 - -25 - -2)?
-56
Evaluate (36 - -95) + -290 + (1 - -36).
-122
What is the value of -59 - -53 - -5 - 5?
-6
Calculate 51 + (0 - (5 + 5) - (-23 + 6 - -8)).
50
Calculate 21 - (-1 + (0 + 14 - 3)).
11
What is 7 + (-14 - (24 - (-4 + 18)))?
-17
69 - (18 + 27 + -17) - -16
57
Calculate -92 + (1 - -4) + -1 - (-3 + -32 - -33).
-86
What is the value of -5 + (22 - 0) + -37 - (-71 + -5)?
56
Calculate (-80 - (-33 + 27 + -31)) + 84.
41
What is -8 - ((-24 + -2 - 52) + 11 + 4 + 0)?
55
Calculate -117 + 91 + 144 + -202.
-84
12 + -70 + 14 + 0 + (1 - (9 - 1))
-51
What is -33 + 25 + -13 - -40 - 83?
-64
Calculate 12 - (-46 + (50 - 25) + -20).
53
Calculate (-23 - (-14 + 7)) + 43 - 136.
-109
Calculate (-22 - ((5 - (-10 - -1)) + -6)) + -5.
-35
What is the value of 2 - (7 - 6 - (0 + 4))?
5
What is -163 + 159 + (-10 - -51)?
37
Evaluate -43 - (35 + (20 - 45)) - (2 + 1).
-56
What is the value of 0 - -1 - (8 + 2) - (40 - -42 - 95)?
4
What is -24 + -1 - (-97 + (-14 - -113))?
-27
Calculate (66 - -20) + -46 + 19.
59
What is -53 - (5 + (-164 - -71))?
35
What is -82 - -53 - (-116 - -93)?
-6
Evaluate (-97 - -4) + 78 - (2 - -12) - (1 - -1).
-31
Evaluate 4 - 1 - 0 - (-104 - -110).
-3
What is 2 - (20 + (5 + 1 - (-26 - -62)))?
12
What is -45 + -7 + (-22 - (3 - 10)) - -10?
-57
What is the value of 0 - 36 - ((-8 - -15) + (110 - 108))?
-45
Evaluate 21 + -15 + -6 + 28 + -10.
18
What is the value of 94 - ((-63 - 40) + 135)?
62
4121 - 3964 - (0 + 74)
83
What is (-14 - 14) + 4 + 17 + -8?
-15
What is (14 - 14 - 2) + -39 + (7 - (2 - -2))?
-38
What is the value of 2 + 52 + -62 + 119 + -65?
46
What is the value of 3 - (22 + 16 - 71)?
36
Evaluate -59 - (-81 - -72 - 165).
115
Calculate -11 + 24 + -34 + 11 + -52.
-62
Evaluate (-118 + 35 - 52) + 90.
-45
Evaluate -10 - ((-13 - 1) + (-215 - -276) - (4 + -2)).
-55
Calculate (27 - 55 - (-42 + 6)) + -77.
-69
What is 5 - (-3 + (-3 - -4) - (-77 + 67)) - -12?
9
What is -2 - -18 - (150 - 124) - 2?
-12
Evaluate -61 + 5 - (52 + -101).
-7
What is the value of -1 + -7 - -2 - -3 - ((24 - 92) + 5)?
60
What is (7 - (-16 - -8)) + (97 - 105)?
7
What is -20 - ((-1 - -37) + -216 + 206)?
-46
Evaluate 23 - 9 - 39 - (-19 - -13 - -100).
-119
(-2 - -4 - 12) + (-12 - -26) - 79
-75
-92 + 4 + -2 + -7161 + 7179
-72
Calculate -64 - 2 - (-3 + 24 - (174 - 165)).
-78
Evaluate 166 - (51 - (-142 - -55)).
28
What is the value of 321 - 301 - ((56 - 2) + -1)?
-33
Calculate -2 - -18 - (-38 - 2 - (200 - 293)).
-37
Evaluate -15 - (1 - 21) - 25.
-20
What is -11 - (65 - 25 - 50)?
-1
What is the value of -48 - (5 - 2) - (5700 + -5700)?
-51
Calculate -2 - -33 - (3 + -3 + -5) - -9.
45
Evaluate 74 + (5 - (11 + 9 + -2)) + -10.
51
(0 + -3 - -5) + (130 - (101 - 63))
94
Calculate -7 - (3 - -5 - (-27 + -5)).
-47
What is the value of 202 + -86 + -54 + 33?
95
Evaluate 2 - (-2 + -1) - (47 + -2 + 37 - 23).
-54
0 + 55 - (838 - 825)
42
-4 + (-4 - (7 - 21)) - 42
-36
Evaluate 40 - (66 + -12 - 46).
32
(6 - ((-14 - 0) + 5)) + 10 + -12
13
What is -4 - (-3 - -35 - ((2 - (-11 + 9)) + 1))?
-31
What is 11 + 1 + -1387 + 1405?
30
What is (16 - (-20 - -15)) + -22 + -55?
-56
What is 2 + (-6 - (-42 + 9 + 3) - 3)?
23
Calculate (30 - 0) + -1041 + 1001 + (-1 - 3) + 68.
54
-11 + 8 + (16 - 25) + 2 + 2
-8
What is 18 + -17 - -34 - (109 + -76)?
2
What is -2 + (0 + 12 - 5) + -15 + -3?
-13
(0 - 27 - 12) + 1 + 3 + -16
-51
Calculate 1 + (67 - 173 - -29).
-76
Calculate 16 + (-3 + -11 - 12) - (-16 - 1) - 13.
-6
What is the value of -6 - (62 + (5 - (10 - -11)))?
-52
Evaluate (1 - (-10 + 3)) + (-1 - 3 - (-31 + 74)).
-39
Evaluate (-2 + -16 + -19 + 31 - -9) + 42.
45
What is -4 - (-73 - -102) - -45?
12
What is the value of -13 - (-7 + (-18 + 11 - (-2 - -51)))?
50
What is -26 + (83 - (-46 + 29 + -4))?
78
What is 0 + 64 - (-113 - -92) - 24?
61
What is the value of 2 + 73 + 58 + 51 + -114?
70
Evaluate -138 + (-46 - -105) - (-1 - -14).
-92
Evaluate (-3 - 1) + 33 + (-6 - 6).
17
-32 + (-7 - (24 + -71))
8
What is -45138 + 45146 - ((58 - 1) + (4 - 3 - -1))?
-51
What is the value of (-2 + 1 - (-1 - 13)) + (-20810 - -20837)?
40
Evaluate 12 + (-68 - -51 - (-1 - -14) - -14).
-4
Calculate 0 + 11 + -2 + (17 - 26 - -7) + 40.
47
Evaluate 44 - (-10 + 5 + 15 + 1 + -9).
42
What is (2 - 1) + 102 + (-105 - 48)?
-50
What is 163 + -328 + 120 + (-3 - -43)?
-5
What is the value of (1 - 14) + (51 - 46) - (118 - 119)?
-7
What is the value of 91 - (8 - (-79 + -25))?
-21
Calculate 3 + (-25 + 23 - -44).
45
What is the value of (-2 - 69) + 140 + (109 - 276)?
-98
Calculate (1 + -3 - (4 + -18)) + (83 - (6 - -8)).
81
What is (26 - (12 + -5 - -4)) + 8 + 21?
44
What is -12 + 0 + (5 + 2 - 57 - -17 - -5)?
-40
7 - (23 + -36 + -62 - (-12 - (0 - 0)))
70
What is -1 - 0 - -33 - (-4 + 85 - (77 - -6))?
34
What is the value of 2 + -12 + (10 - 17 - -15)?
-2
(-312 - -303) + (23 + 0 - -3) + -112
-95
-223 - -224 - (-15 + 86 + -7)
-63
What is 13 + -9 - -8 - ((52 - 6) + (-6 - -3))?
-31
What is -39 + (-65 - (-58 - -15))?
-61
What is the value of (9 - (11 - (25 + -30))) + 63?
56
What is -24 - 1 - (753 + -767)?
-11
(2 - -4) + -8 + 13 - (92 + -89)
8
What is the value of (-1 - 6) + 2 - ((45 - (76 + -38)) + -7)?
-5
What is 2 + 21 - (-56 - (30 + -27) - -134)?
-52
What is the value of (100 - (-102 + 256)) + 13?
-41
Calculate -4 - (-89 - 2 - (92 - (58 + 13))).
108
Evaluate -4 - 1 - ((-1 - 23 - -18) + 28).
-27
What is -13 - (29 + -50 - -10)?
-2
What is the value of -4 + 87 - (-1459 - -1630)?
-88
What is the value of -88 - (-11 + -62 - -27)?
-42
What is the value of (5707 - 5697) + 0 + -47?
-37
What is (0 - (7 - (48 - (14 + 4)))) + -146?
-123
What is the value of 19 - (-48 - (-9 + -4)) - (4 - -5)?
45
Evaluate (-16 - -7) + (-1 - -10) + 126 + -148.
-22
-3 + -1 - (93 + -67 - (20 - (3 + -2)))
-11
What is 19 + -19 + 7 - (37 - (0 - -2 - 2))?
-30
Calculate (-179 - -55) + 7 - -57.
-60
What is (-1 + 1 - (188 + -190)) + (28 - 34)?
-4
Calculate 72 - (-36 + 41 - 7 - -2).
72
Calculate -14 + -58 + 80 - -29.
37
What is 46 + -13 + -2 + (-8 - (-4 - 8))?
35
Evaluate -6 - 63 - 17 - (11 + (-12 - -5)).
-90
What is -38 + -10 + (0 + 5 - (-490 + 471))?
-24
-42 - (-66 + -9 + 36)
-3
Evaluate (6795 - 6778) + (2 - 0 - 14).
5
Evalua